-2*c + 5, 0 = 5*v + c. Suppose -v = 3*t + 5. What is the remainder when 41 is divided by 1 + t + 1 - -14?
13
Suppose 2*l + 4*g = 22, 4*g - 12 = 4. Suppose 3 = -l*n + 54. What is the remainder when 66 is divided by n?
15
Let i be -1 + -2 + 2 - -4. Suppose -2*s + 9 + i = 0. Suppose y - b = -1, -b - s - 9 = -5*y. Calculate the remainder when 10 is divided by y.
2
Suppose 22*u + 244 = 24*u. Calculate the remainder when u is divided by 31.
29
Suppose r + 0 = -w + 8, 4*w = 16. Suppose 3*k - 55 = -r. Calculate the remainder when 65 is divided by k.
14
Let r(d) = d + 42. What is the remainder when 44 is divided by r(-19)?
21
Let r(h) = h + 4. Let q be r(-5). Suppose -33 = -3*d - z, 5*d - 3*z - z - 55 = 0. Calculate the remainder when 2 - (15/q - 3) is divided by d.
9
Let u = 14 - 1. What is the remainder when u is divided by 7?
6
Calculate the remainder when 14 is divided by 25/(-20) - 13/(-4).
0
Suppose 0 = -3*t + 4*b + 38, 4*t = -4*b - 5 + 37. Let j = 12 - t. Suppose -3*u + 25 = j*u. What is the remainder when 12 is divided by u?
2
Suppose 3*h = 45 - 12. Let w = 53 + -10. Calculate the remainder when w is divided by h.
10
Let h(y) = 3*y**3 + 1. Let r be 1/1*(7 - 0). Let x(f) = -f**3 + 7*f**2 + 2*f - 7. What is the remainder when x(r) is divided by h(1)?
3
Let o = -103 - -118. Calculate the remainder when 25 is divided by o.
10
Let i = -29 - -72. Let l = 65 - i. What is the remainder when l is divided by 12?
10
Let n(a) = 2*a + 5. Suppose -3*q - r + 94 = 0, q + 2*q - 4*r = 74. What is the remainder when q is divided by n(3)?
8
What is the remainder when (-1 - -16) + (1 - 4) is divided by 5?
2
Suppose -a = -5*u + 627, -2*u + u + 119 = 3*a. Calculate the remainder when u is divided by 21.
20
Let l(p) = p**2 - 2*p - 1. Let u be l(-1). Let n be ((-38)/4)/(u/4). Let a = n - -31. Calculate the remainder when a is divided by 7.
5
Let w = 62 - 44. What is the remainder when 6/(-8)*136/(-2) is divided by w?
15
Calculate the remainder when ((-1)/(-1))/1*3 is divided by 2.
1
Let k be 2/(3*(-6)/459). Calculate the remainder when k/(-2)*10/15 is divided by 9.
8
Let d(f) = 5*f**2 - f. Suppose 0 = 3*l - 0 + 3. Let v(t) = t**2 + t - 3. Calculate the remainder when v(-5) is divided by d(l).
5
Suppose 45 + 2 = 3*a + 4*u, 3*u - 33 = -2*a. Calculate the remainder when -14*(90/(-12) + 5) is divided by a.
8
What is the remainder when -2*(-5)/20*154 is divided by 13?
12
Suppose -4*j = -8*j + 36. Calculate the remainder when 15 is divided by j.
6
Let i(l) = -l**2 + 8*l + 11. Let r be i(9). Suppose t + r*v = 10, -v - 17 = -2*t - 2. Calculate the remainder when 30 is divided by t.
6
Suppose -2*a = -15 - 5. What is the remainder when 30 is divided by a?
0
Suppose 0 = -18*p + 14*p + 132. Suppose o + 4*f = 8, -5*o + 2*o + 34 = 2*f. What is the remainder when p is divided by o?
9
Suppose 0 = 2*f + f - 5*i - 3, -f + 12 = 2*i. Calculate the remainder when f is divided by 3.
0
Suppose 2*f + 20 = 4*y - 284, 3*f = 3*y - 231. Calculate the remainder when y is divided by 23.
6
Suppose 4*n - 2*n - 18 = 0. Calculate the remainder when 33 is divided by n.
6
Let a(v) = 32*v**2 + 4*v - 1. Calculate the remainder when a(-2) is divided by 30.
29
What is the remainder when 121 is divided by (451/(-22))/(1/(-2))?
39
Let q = -9 + 56. Calculate the remainder when 232 is divided by q.
44
Let t = 10 - 23. Let k = t + 21. What is the remainder when 31 is divided by k?
7
Let v = 88 + -60. Calculate the remainder when 137 is divided by v.
25
Suppose 5*w - 5*m = -0*w - 25, 5*w + m - 5 = 0. Suppose w = 6*u - u + 45. What is the remainder when 2/(-9) - 371/u is divided by 14?
13
Suppose n - 7 - 71 = 0. Let m = 3 + 17. What is the remainder when n is divided by m?
18
Let q(s) = 3*s**3 + s**2. Suppose -r + 0*r = 1. Let m be q(r). What is the remainder when 12 is divided by -7*(-1)/(m - -3)?
5
Suppose 2*y - 9 - 5 = 0. Let s(l) = -10*l**3 + 10*l + 5*l**3 - 10 + 6*l**2 + 3*l**3 + l**3. What is the remainder when 32 is divided by s(y)?
10
Suppose -168 = -3*w + 1326. Calculate the remainder when 2/5 + w/30 is divided by 10.
7
Let f(t) = t**2 + 5*t - 7. Let r(b) = -b - 3. Let c = 5 + -1. Let g be r(c). What is the remainder when f(g) is divided by 3?
1
Let v = 5 + 27. Let g be -2*1/2 - -1. Suppose -y + 5*y - v = g. Calculate the remainder when 15 is divided by y.
7
Let a(p) = -p**2 - 7*p + 20. Calculate the remainder when 3 is divided by a(-9).
1
Suppose -6 = -5*t + 4. Suppose -l - 3*d = 4*l - 54, -t*l + 4*d + 6 = 0. Calculate the remainder when (0 - -3) + 30 - -2 is divided by l.
8
Suppose -2*v + 6*v - 168 = 0. Calculate the remainder when v is divided by 11.
9
Let t = 65 - 35. Calculate the remainder when 119 is divided by t.
29
Let r(d) = -d**3 - 7*d**2 + 5*d - 3. Let y be r(-7). What is the remainder when 82 is divided by y/(6/(-3)) - -2?
19
Let s(x) = x**3 + 4*x**2 + x - 1. Let a be s(-3). Suppose -5*p = -a, p + p + 182 = 4*k. What is the remainder when k is divided by 16?
14
Let g be (-18)/(-8)*(-16)/(-2). Let y = 51 - g. What is the remainder when y is divided by 9?
6
Let r = -21 + 31. What is the remainder when 25 is divided by r?
5
Suppose 0 = u - 6*u - 50. Calculate the remainder when 27 is divided by (1 - -5)*u/(-4).
12
Suppose 4*z = -5*u + 3, 2*u - 1 = -4*z - 7. Let v = u - 0. Suppose -v*q + 9 = -75. Calculate the remainder when q is divided by 15.
13
Suppose -425 = -4*h - h + y, 3*h = -2*y + 268. Let d(c) = -30*c - 1. Calculate the remainder when h is divided by d(-1).
28
Suppose -18*c + 32*c = 210. What is the remainder when 22 is divided by c?
7
Let v be -1*(-3 + (-1 - 20)). Suppose g = -3*z + v, 3*z - 12 = 2*g + 3. Calculate the remainder when z is divided by 2.
1
Suppose 0 = 3*g - 1 - 2. Let l = g - -36. What is the remainder when l is divided by 20?
17
Suppose l - 2*a = 5, -3*l + 5*a - a + 13 = 0. Let m = 1 + l. Suppose f = m*f - 15. What is the remainder when 14 is divided by f?
4
Let s(r) = -34*r**3 + r**2. Calculate the remainder when s(-1) is divided by 13.
9
Let s be 4/48*21*4. Suppose -4*b + 0*c = -2*c - 34, -2*c + 22 = 3*b. Suppose -11 = s*d - b*d. Calculate the remainder when d is divided by 3.
2
Suppose -2 = -5*m + 8. Let s = 25 - 17. Suppose 3*x = s*x - 15. Calculate the remainder when x is divided by m.
1
Calculate the remainder when (20/(-8) - -4)*64 is divided by 25.
21
Calculate the remainder when 128 is divided by (-2)/((-198)/39 - -5).
24
Let i(w) = -w**2 - 6*w - 4. Let a be i(-3). Suppose 5*o - 4*o - 9 = 0. Calculate the remainder when 82/a + 4/(-10) is divided by o.
7
Suppose l + 18 - 23 = 0. What is the remainder when l is divided by 4?
1
Suppose -22 + 5 = -2*x + 5*o, 2*o = -2*x + 38. What is the remainder when (-91 - 3/1)/(-2) is divided by x?
15
Suppose 0 = 4*w + 2*d + 12 + 34, w + 3*d + 9 = 0. Let y = 24 + w. What is the remainder when (-6)/(-4)*44/3 is divided by y?
10
Suppose -16*q = -3*q - 390. Calculate the remainder when 95 is divided by q.
5
Calculate the remainder when ((-552)/9)/(6/(-9)) is divided by 24.
20
Let q(v) = v**2 - 4*v + 6. Suppose 0*x + g = x - 8, -43 = -5*x + 2*g. What is the remainder when x is divided by q(4)?
3
Let b(j) = 3*j**2 + 2*j - 1. Let u be 1*-18*(-8)/(-6). Let o = 43 + u. What is the remainder when o is divided by b(-2)?
5
What is the remainder when -135*(-5)/25*3 is divided by 21?
18
Let s be (-2)/(-1) - (-13 + 1). Calculate the remainder when 276/14 - (-4)/s is divided by 30/4 - 2/4.
6
Let h(p) = -p**2 + 3*p + 4. Let a be h(4). Suppose a = 5*n - 2*n - 54. Calculate the remainder when 35 is divided by n.
17
Suppose 372 = 5*r + 57. Suppose h - r = -2*h. Calculate the remainder when 40 is divided by h.
19
Suppose 2*k - 120 - 8 = 0. Calculate the remainder when k is divided by 11.
9
Let q(l) = -l**3 + 7*l**2 + 5*l - 8. Let o = -17 - -25. Let a = o - 2. What is the remainder when q(a) is divided by 20?
18
Let j(f) = -f**2 - 6*f + 14. Let d(q) = -q**3 - 9*q**2 - 6*q + 9. Let x be d(-8). Calculate the remainder when 26 is divided by j(x).
5
Suppose 14*g + 24 = 66. Suppose -4*v + 19 = -21. Calculate the remainder when v is divided by g.
1
Let r = 14 - 12. Calculate the remainder when (1 - r)*(-90 + -1) is divided by 31.
29
Let l be 22/(-8) + (-1)/4. Let u = -23 - -34. What is the remainder when (-10)/(-2)*(-18)/l is divided by u?
8
Let d(o) =